n base 6, what is 4 + 21313552113?
21313552121
In base 2, what is -111000001 - -11010011011000101?
11010010100000100
In base 9, what is -7637 + 11661?
3023
In base 8, what is -14170 + -3466?
-17656
In base 15, what is -16797a + 1b?
-16795e
In base 12, what is -3 + -292590?
-292593
In base 8, what is -167603 - -2?
-167601
In base 8, what is 6 + -14035433?
-14035425
In base 4, what is -101 + -20111232211?
-20111232312
In base 16, what is 1f61510 + -d?
1f61503
In base 5, what is 31 - 21201424?
-21201343
In base 2, what is -101 + -110000000000000101001?
-110000000000000101110
In base 13, what is 4ba7 - 553c?
-665
In base 9, what is -354431 - 118?
-354550
In base 16, what is 5 - 56a52a0?
-56a529b
In base 7, what is 3 - 23340145?
-23340142
In base 3, what is 101221 + -1011122001201?
-1011121122210
In base 11, what is -219 - -2213?
1aa5
In base 16, what is 45e64d - 35?
45e618
In base 7, what is -15100 + 5145?
-6622
In base 11, what is -2a49a84 + 5?
-2a49a7a
In base 9, what is 4604438 + 2?
4604441
In base 2, what is -1100011011011100 - 100010?
-1100011011111110
In base 16, what is -14e1a2b - 4?
-14e1a2f
In base 5, what is 10 - -11132202213?
11132202223
In base 14, what is -17908 - 2b7b?
-1a685
In base 5, what is -4020242132 - -10?
-4020242122
In base 14, what is -2829 + 17?
-2812
In base 16, what is -5138a8 + -11?
-5138b9
In base 6, what is 1031010 + 45?
1031055
In base 4, what is -1102322310 - 2120?
-1102331030
In base 9, what is -45 - -267337?
267282
In base 5, what is -1133 + 3141313?
3140130
In base 6, what is -111 + -35405355?
-35405510
In base 12, what is -23 - 9017aa?
-901811
In base 13, what is -a35 + -275b?
-3493
In base 10, what is -58 + -1992158?
-1992216
In base 5, what is 24 - -4222013?
4222042
In base 11, what is 1a1518a9a + -2?
1a1518a98
In base 5, what is 24 + -3124131?
-3124102
In base 2, what is -1101111010000010101101011 - 11?
-1101111010000010101101110
In base 3, what is -100212120010121 + 2?
-100212120010112
In base 14, what is -24ca - 1944c?
-1b938
In base 7, what is 343 - 5226206?
-5225533
In base 14, what is -471c9696 + -4?
-471c969a
In base 8, what is 5477746 + 21?
5477767
In base 11, what is 44 + 1255090?
1255124
In base 9, what is -1 - -755806510?
755806508
In base 14, what is -6d0a - -87?
-6c63
In base 6, what is 2343522 + 20?
2343542
In base 14, what is -4547b5a + -13?
-4547b6d
In base 11, what is -145020 + -74?
-145094
In base 6, what is -234234231441 - -4?
-234234231433
In base 14, what is -1 + 198c5aac?
198c5aab
In base 15, what is 713 + -18e8?
-11d5
In base 7, what is -4262 + 266303?
262011
In base 13, what is -6bc + -17b16?
-18505
In base 12, what is -112654 - -28?
-112628
In base 12, what is -134538b6 - 3?
-134538b9
In base 2, what is 111001001011101 - -110000111?
111001111100100
In base 2, what is 11010000 + -1011010001101110000?
-1011010001010100000
In base 3, what is 211210210101 - -221222?
211211202100
In base 9, what is -1 + -2523267?
-2523268
In base 5, what is 0 + -1343402133?
-1343402133
In base 13, what is -34 - -bc8330?
bc82c9
In base 12, what is -1b6a26a6 - 12?
-1b6a26b8
In base 3, what is -1 - -11001222111021?
11001222111020
In base 2, what is -110101000000 + 11000000010?
-11100111110
In base 2, what is -100101 + 1000010011000111010?
1000010011000010101
In base 2, what is -1110110100001 - 11100101011010?
-101011011111011
In base 4, what is 1233312230 - 1030?
1233311200
In base 2, what is 0 + 11010101000110011111001?
11010101000110011111001
In base 2, what is 100110011 - 1000101001010110?
-1000100100100011
In base 11, what is -873684 - 5?
-873689
In base 14, what is -345d1d + 24?
-345cd9
In base 5, what is 10430340 + 30020?
11010410
In base 8, what is -1767 + -45227?
-47216
In base 6, what is -101422 - 351300?
-453122
In base 8, what is 104517 - 10135?
74362
In base 12, what is 5178b + 1a3?
51972
In base 2, what is 101100010010101 + 1001110110111?
110110001001100
In base 5, what is -312031 + -144002?
-1011033
In base 16, what is -1b + 1863c2?
1863a7
In base 5, what is -2 + -111321023204?
-111321023211
In base 15, what is 8b94 + -8db7?
-223
In base 7, what is -264051 + 1411?
-262340
In base 4, what is -1330231 + 311112013?
303121122
In base 14, what is 39351a - -4?
393520
In base 11, what is -2a5955 - -390?
-2a5575
In base 3, what is 102200200010220 + -210?
102200200010010
In base 5, what is 202014120 - 1331?
202012234
In base 9, what is 8511734 + 0?
8511734
In base 7, what is -40 + -14052353?
-14052423
In base 13, what is 5 + -41657b6?
-41657b1
In base 12, what is -8 - -114380?
114374
In base 13, what is 69465a + 21?
69467b
In base 16, what is -d7bc4b + 0?
-d7bc4b
In base 6, what is 1004 + -11054?
-10050
In base 16, what is -275ad - -92?
-2751b
In base 2, what is -100 + 101110010110111111111?
101110010110111111011
In base 12, what is 139538 + -a0?
139458
In base 16, what is 650d + -120?
63ed
In base 2, what is 0 + -10110100001110000011001?
-10110100001110000011001
In base 9, what is -10 + 88781763?
88781753
In base 8, what is 123 - -125167?
125312
In base 15, what is -a312 - 1a?
-a32c
In base 14, what is -12c0 - 786?
-1a66
In base 11, what is 0 + -191406776?
-191406776
In base 11, what is 17a91a2 + 3?
17a91a5
In base 8, what is 126421 + -234?
126165
In base 9, what is 20806485 + 0?
20806485
In base 7, what is -23144 + -362?
-23536
In base 6, what is 5 - -1251252240?
1251252245
In base 3, what is 10 - 2100120202101?
-2100120202021
In base 6, what is -1211 - -314250?
313035
In base 10, what is -6862517 - -2?
-6862515
In base 15, what is 403 + 17245?
17648
In base 3, what is 120 - -111102202100211?
111102202101101
In base 12, what is 930 - 1b48?
-1218
In base 8, what is -21004 - -3251?
-15533
In base 14, what is 6 - -17092?
17098
In base 13, what is -95 + -36c2b?
-36cc3
In base 11, what is -23520420 + 0?
-23520420
In base 3, what is 111100221102010 + 1100?
111100221110110
In base 2, what is 1010100111001010101101 - 111000?
1010100111001001110101
In base 11, what is 727 + 116801?
117428
In base 13, what is -1810280 + -1?
-1810281
In base 7, what is -65223162 + 6?
-65223153
In base 16, what is 2 + -867c8b?
-867c89
In base 5, what is 2114322331 + 2?
2114322333
In base 9, what is -560745 + -347?
-561203
In base 12, what is 5 - b70415?
-b70410
In base 16, what is -1 + -810b28?
-810b29
In base 12, what is 114871 - 26?
114847
In base 16, what is 3e4 - -19fcdc?
1a00c0
In base 13, what is -1b40 - 22b49?
-24989
In base 15, what is -5 - b25a856?
-b25a85b
In base 13, what is 54682 - 0?
54682
In base 16, what is -19e - -9d78?
9bda
In base 6, what is -1202545 - 5?
-1202554
In base 4, what is -11 - 32012100223030?
-32012100223101
In base 6, what is 142050445 + -14?
142050431
In base 5, what is -31041 + -343?
-31434
In base 5, what is 32 - 101320320?
-101320233
In base 8, what is 543 + -174667?
-174124
In base 13, what is -1c89325 - -1?
-1c89324
In base 16, what is 4686d - 6c?
46801
In base 11, what is -5267 + 624?
-4743
In base 5, what is 4 + -30342321031?
-30342321022
In base 6, what is 155 + -1345444?
-1345245
In base 12, what is 374 + -5418?
-5064
In base 6, what is -114240254 + 1?
-114240253
In base 12, what is -6144 + 12598?
8454
In base 2, what is -11010 + -100101101010011100010?
-100101101010011111100
In base 13, what is 3161143c + -4?
31611438
In base 6, what is -103 - 4514553?
-4515100
In base 4, what is -11 - -231020030210?
231020030133
In base 15, what is -2030c + -a2?
-203ae
In base 7, what is -5 - 3121651?
-3121656
In base 16, what is 1485 - 53?
1432
In base 8, what is 30 + -131054?
-131024
In base 10, what is 502 - -119046?
119548
In base 4, what is 1013001020 - -22?
1013001102
In base 3, what is 122001 + 1220220022102?
1220220221110
In base 14, what is 1d94 - 4889?
-28d5
In base 9, what is -5 + 5674611?
5674605
In base 4, what is 1230010 + -111031?
1112313
In base 13, what is -5 - a43ca4?
-a43ca9
In base 8, what is 13442661 - -4?
13442665
In base 2, what is 1010010000010111111101111 - -10?
1010010000010111111110001
In base 3, what is -2 + -200002122211000?
-200002122211002
In base 10, what is -19719383 + 5?
-19719378
In base 15, what is 111 + e89e?
e9b0
In base 6, what is -252 - 120130?
-120422
In base 2, what is -1101001101100101100 - -10110?
-1101001101100010110
In base 6, what is 24133023 - 40?
241325